{"id":991,"date":"2023-11-30T11:19:01","date_gmt":"2023-11-30T10:19:01","guid":{"rendered":"https:\/\/www.pamatky.udu.cas.cz\/?page_id=991"},"modified":"2026-04-16T11:17:18","modified_gmt":"2026-04-16T09:17:18","slug":"publikace","status":"publish","type":"page","link":"https:\/\/www.pamatky.udu.cas.cz\/?page_id=991","title":{"rendered":"Publikace"},"content":{"rendered":"\t\t<div data-elementor-type=\"wp-page\" data-elementor-id=\"991\" class=\"elementor elementor-991\">\n\t\t\t\t\t\t<section class=\"elementor-section elementor-top-section elementor-element elementor-element-3ce62b9 elementor-section-boxed elementor-section-height-default elementor-section-height-default\" data-id=\"3ce62b9\" data-element_type=\"section\" data-e-type=\"section\" data-settings=\"{&quot;background_background&quot;:&quot;classic&quot;}\">\n\t\t\t\t\t\t\t<div class=\"elementor-background-overlay\"><\/div>\n\t\t\t\t\t\t\t<div class=\"elementor-container elementor-column-gap-default\">\n\t\t\t\t\t<div class=\"elementor-column elementor-col-100 elementor-top-column elementor-element elementor-element-d56285c\" data-id=\"d56285c\" data-element_type=\"column\" data-e-type=\"column\">\n\t\t\t<div class=\"elementor-widget-wrap elementor-element-populated\">\n\t\t\t\t\t\t<div class=\"elementor-element elementor-element-786728da elementor-widget elementor-widget-heading\" data-id=\"786728da\" data-element_type=\"widget\" data-e-type=\"widget\" data-widget_type=\"heading.default\">\n\t\t\t\t<div class=\"elementor-widget-container\">\n\t\t\t\t\t<h1 class=\"elementor-heading-title elementor-size-default\">Publika\u010dn\u00ed v\u00fdstupy<\/h1>\t\t\t\t<\/div>\n\t\t\t\t<\/div>\n\t\t\t\t<div class=\"elementor-element elementor-element-2fb5d73a elementor-widget elementor-widget-heading\" data-id=\"2fb5d73a\" data-element_type=\"widget\" data-e-type=\"widget\" data-widget_type=\"heading.default\">\n\t\t\t\t<div class=\"elementor-widget-container\">\n\t\t\t\t\t<h4 class=\"elementor-heading-title elementor-size-default\">Edice korespondence, odborn\u00e9 studie, v\u00fdstavn\u00ed katalogy.<\/h4>\t\t\t\t<\/div>\n\t\t\t\t<\/div>\n\t\t\t\t\t<\/div>\n\t\t<\/div>\n\t\t\t\t\t<\/div>\n\t\t<\/section>\n\t\t<div class=\"elementor-element elementor-element-fccd9f5 e-flex e-con-boxed e-con e-parent\" data-id=\"fccd9f5\" data-element_type=\"container\" data-e-type=\"container\">\n\t\t\t\t\t<div class=\"e-con-inner\">\n\t\t\t\t<div class=\"elementor-element elementor-element-c32d435 elementor-widget elementor-widget-spacer\" data-id=\"c32d435\" data-element_type=\"widget\" data-e-type=\"widget\" data-widget_type=\"spacer.default\">\n\t\t\t\t<div class=\"elementor-widget-container\">\n\t\t\t\t\t\t\t<div class=\"elementor-spacer\">\n\t\t\t<div class=\"elementor-spacer-inner\"><\/div>\n\t\t<\/div>\n\t\t\t\t\t\t<\/div>\n\t\t\t\t<\/div>\n\t\t\t\t\t<\/div>\n\t\t\t\t<\/div>\n\t\t<div class=\"elementor-element elementor-element-692ed9f e-flex e-con-boxed e-con e-parent\" data-id=\"692ed9f\" data-element_type=\"container\" data-e-type=\"container\">\n\t\t\t\t\t<div class=\"e-con-inner\">\n\t\t<div class=\"elementor-element elementor-element-3855cfe e-con-full e-flex e-con e-child\" data-id=\"3855cfe\" data-element_type=\"container\" data-e-type=\"container\">\n\t\t\t\t<div class=\"elementor-element elementor-element-09707c2 elementor-widget elementor-widget-image\" data-id=\"09707c2\" data-element_type=\"widget\" data-e-type=\"widget\" data-widget_type=\"image.default\">\n\t\t\t\t<div class=\"elementor-widget-container\">\n\t\t\t\t\t\t\t\t\t\t\t\t\t\t\t<img fetchpriority=\"high\" decoding=\"async\" width=\"691\" height=\"1024\" src=\"https:\/\/www.pamatky.udu.cas.cz\/wp-content\/uploads\/2025\/10\/obalka_Korespondence_web-691x1024.jpg\" class=\"attachment-large size-large wp-image-2062\" alt=\"\" srcset=\"https:\/\/www.pamatky.udu.cas.cz\/wp-content\/uploads\/2025\/10\/obalka_Korespondence_web-691x1024.jpg 691w, https:\/\/www.pamatky.udu.cas.cz\/wp-content\/uploads\/2025\/10\/obalka_Korespondence_web-203x300.jpg 203w, https:\/\/www.pamatky.udu.cas.cz\/wp-content\/uploads\/2025\/10\/obalka_Korespondence_web.jpg 696w\" sizes=\"(max-width: 691px) 100vw, 691px\" \/>\t\t\t\t\t\t\t\t\t\t\t\t\t\t\t<\/div>\n\t\t\t\t<\/div>\n\t\t\t\t<\/div>\n\t\t<div class=\"elementor-element elementor-element-c39c14b e-con-full e-flex e-con e-child\" data-id=\"c39c14b\" data-element_type=\"container\" data-e-type=\"container\">\n\t\t\t\t<div class=\"elementor-element elementor-element-e515255 elementor-widget elementor-widget-heading\" data-id=\"e515255\" data-element_type=\"widget\" data-e-type=\"widget\" data-widget_type=\"heading.default\">\n\t\t\t\t<div class=\"elementor-widget-container\">\n\t\t\t\t\t<h3 class=\"elementor-heading-title elementor-size-default\">Korespondence Zde\u0148ka Wirtha s \u010desk\u00fdmi (a slovensk\u00fdmi) architekty a architektkami. Du\u0161an Jurkovi\u010d \u2013 Kamil Hilbert \u2013 Pavel Jan\u00e1k \u2013 Ladislav Macho\u0148 \u2013 Augusta M\u00fcllerov\u00e1<\/h3>\t\t\t\t<\/div>\n\t\t\t\t<\/div>\n\t\t\t\t<div class=\"elementor-element elementor-element-e1505db elementor-widget elementor-widget-heading\" data-id=\"e1505db\" data-element_type=\"widget\" data-e-type=\"widget\" data-widget_type=\"heading.default\">\n\t\t\t\t<div class=\"elementor-widget-container\">\n\t\t\t\t\t<h5 class=\"elementor-heading-title elementor-size-default\">Kristina Uhl\u00edkov\u00e1 (ed.)<\/h5>\t\t\t\t<\/div>\n\t\t\t\t<\/div>\n\t\t\t\t<div class=\"elementor-element elementor-element-1144db0 elementor-widget elementor-widget-text-editor\" data-id=\"1144db0\" data-element_type=\"widget\" data-e-type=\"widget\" data-widget_type=\"text-editor.default\">\n\t\t\t\t<div class=\"elementor-widget-container\">\n\t\t\t\t\t\t\t\t\t<p>Prvn\u00ed ze t\u0159\u00ed edi\u010dn\u00edch po\u010din\u016f, kter\u00e9 zp\u0159\u00edstupn\u00ed alespo\u0148 \u010d\u00e1st jedine\u010dn\u011b zachovan\u00e9 p\u0159ijat\u00e9 korespondence historika um\u011bn\u00ed a kl\u00ed\u010dov\u00e9 osobnosti \u010desk\u00e9\/\u010deskoslovensk\u00e9 kulturn\u00ed politiky Zde\u0148ka Wirtha (1878\u20131961). Z rozs\u00e1hl\u00e9ho souboru korespondence jsme vybrali dopisy, dopisnice a pohlednice, kter\u00e9 Wirth obdr\u017eel od \u010dty\u0159 architekt\u016f a jedn\u00e9 architektky. V p\u0159\u00edpad\u011b Du\u0161ana Jurkovi\u010de, Kamila Hilberta a Pavla Jan\u00e1ka se torz\u00e1ln\u011b zachovaly i Wirthovy odpov\u011bdi, je\u017e jsou rovn\u011b\u017e do edice za\u0159azeny. Editovan\u00e1 korespondence jedine\u010dn\u00fdm zp\u016fsobem otev\u00edr\u00e1 my\u0161lenkov\u00fd sv\u011bt t\u011bchto p\u011bti v\u00fdznamn\u00fdch osobnost\u00ed a mnohde odhaluje z\u00e1kulis\u00ed \u0159ady proces\u016f, kter\u00e9 formovaly kulturn\u00ed \u017eivot prvn\u00ed poloviny 20. stolet\u00ed.<\/p>\t\t\t\t\t\t\t\t<\/div>\n\t\t\t\t<\/div>\n\t\t\t\t<div class=\"elementor-element elementor-element-b06fcd0 elementor-widget elementor-widget-text-editor\" data-id=\"b06fcd0\" data-element_type=\"widget\" data-e-type=\"widget\" data-widget_type=\"text-editor.default\">\n\t\t\t\t<div class=\"elementor-widget-container\">\n\t\t\t\t\t\t\t\t\t<p>Artefactum, Praha 2025, ISBN 978-80-53018-16-6 (<a href=\"https:\/\/kramerius.lib.cas.cz\/view\/uuid:8d251c2f-da1b-49bf-9ebf-d2007c4c655f?page=uuid:8d251c2f-da1b-49bf-9ebf-d2007c4c655f_6\" target=\"_blank\" rel=\"noopener\">dostupn\u00e9 online<\/a>)<\/p>\t\t\t\t\t\t\t\t<\/div>\n\t\t\t\t<\/div>\n\t\t\t\t<\/div>\n\t\t\t\t\t<\/div>\n\t\t\t\t<\/div>\n\t\t<div class=\"elementor-element elementor-element-5527745 e-flex e-con-boxed e-con e-parent\" data-id=\"5527745\" data-element_type=\"container\" data-e-type=\"container\">\n\t\t\t\t\t<div class=\"e-con-inner\">\n\t\t\t\t<div class=\"elementor-element elementor-element-52a88c1 elementor-widget elementor-widget-spacer\" data-id=\"52a88c1\" data-element_type=\"widget\" data-e-type=\"widget\" data-widget_type=\"spacer.default\">\n\t\t\t\t<div class=\"elementor-widget-container\">\n\t\t\t\t\t\t\t<div class=\"elementor-spacer\">\n\t\t\t<div class=\"elementor-spacer-inner\"><\/div>\n\t\t<\/div>\n\t\t\t\t\t\t<\/div>\n\t\t\t\t<\/div>\n\t\t\t\t\t<\/div>\n\t\t\t\t<\/div>\n\t\t<div class=\"elementor-element elementor-element-4fdd40f e-flex e-con-boxed e-con e-parent\" data-id=\"4fdd40f\" data-element_type=\"container\" data-e-type=\"container\">\n\t\t\t\t\t<div class=\"e-con-inner\">\n\t\t<div class=\"elementor-element elementor-element-1b2389e e-con-full e-flex e-con e-child\" data-id=\"1b2389e\" data-element_type=\"container\" data-e-type=\"container\">\n\t\t\t\t<div class=\"elementor-element elementor-element-4a540e6 elementor-widget elementor-widget-image\" data-id=\"4a540e6\" data-element_type=\"widget\" data-e-type=\"widget\" data-widget_type=\"image.default\">\n\t\t\t\t<div class=\"elementor-widget-container\">\n\t\t\t\t\t\t\t\t\t\t\t\t\t\t\t<img decoding=\"async\" width=\"960\" height=\"960\" src=\"https:\/\/www.pamatky.udu.cas.cz\/wp-content\/uploads\/2024\/09\/HG4A7141_UP_poz.jpg\" class=\"attachment-large size-large wp-image-1512\" alt=\"\" srcset=\"https:\/\/www.pamatky.udu.cas.cz\/wp-content\/uploads\/2024\/09\/HG4A7141_UP_poz.jpg 960w, https:\/\/www.pamatky.udu.cas.cz\/wp-content\/uploads\/2024\/09\/HG4A7141_UP_poz-300x300.jpg 300w, https:\/\/www.pamatky.udu.cas.cz\/wp-content\/uploads\/2024\/09\/HG4A7141_UP_poz-150x150.jpg 150w, https:\/\/www.pamatky.udu.cas.cz\/wp-content\/uploads\/2024\/09\/HG4A7141_UP_poz-768x768.jpg 768w\" sizes=\"(max-width: 960px) 100vw, 960px\" \/>\t\t\t\t\t\t\t\t\t\t\t\t\t\t\t<\/div>\n\t\t\t\t<\/div>\n\t\t\t\t<\/div>\n\t\t<div class=\"elementor-element elementor-element-4aa1c00 e-con-full e-flex e-con e-child\" data-id=\"4aa1c00\" data-element_type=\"container\" data-e-type=\"container\">\n\t\t\t\t<div class=\"elementor-element elementor-element-5ebddba elementor-widget elementor-widget-heading\" data-id=\"5ebddba\" data-element_type=\"widget\" data-e-type=\"widget\" data-widget_type=\"heading.default\">\n\t\t\t\t<div class=\"elementor-widget-container\">\n\t\t\t\t\t<h3 class=\"elementor-heading-title elementor-size-default\">Boj o mal\u00e9 m\u011bsto (1900\u20131960): P\u0159\u00edb\u011bhy pam\u00e1tek a jejich lid\u00ed.<\/h3>\t\t\t\t<\/div>\n\t\t\t\t<\/div>\n\t\t\t\t<div class=\"elementor-element elementor-element-1bfa66c elementor-widget elementor-widget-heading\" data-id=\"1bfa66c\" data-element_type=\"widget\" data-e-type=\"widget\" data-widget_type=\"heading.default\">\n\t\t\t\t<div class=\"elementor-widget-container\">\n\t\t\t\t\t<h5 class=\"elementor-heading-title elementor-size-default\">Jakub Bacht\u00edk \u2013 Michal Kurz \u2013 Kristina Uhl\u00edkov\u00e1 (edd.)<\/h5>\t\t\t\t<\/div>\n\t\t\t\t<\/div>\n\t\t\t\t<div class=\"elementor-element elementor-element-1092254 elementor-widget elementor-widget-text-editor\" data-id=\"1092254\" data-element_type=\"widget\" data-e-type=\"widget\" data-widget_type=\"text-editor.default\">\n\t\t\t\t<div class=\"elementor-widget-container\">\n\t\t\t\t\t\t\t\t\t<p>Katalog ke stejnojmenn\u00e9 v\u00fdstav\u011b p\u0159edstavuje ochranu pam\u00e1tek v men\u0161\u00edch m\u011bstech jako t\u00e9ma, kter\u00e9 na po\u010d\u00e1tku bou\u0159liv\u00e9ho dvac\u00e1t\u00e9ho stolet\u00ed pozvolna vystoupilo do pop\u0159ed\u00ed \u0161ir\u0161\u00edho ve\u0159ejn\u00e9ho z\u00e1jmu. Na p\u0159\u00edb\u011bz\u00edch konkr\u00e9tn\u00edch historick\u00fdch staveb nap\u0159\u00ed\u010d regiony poodhaluje komplikovan\u00e9 osudy pam\u00e1tek ve v\u00edru modern\u00ed doby a poukazuje na osobnosti, \u010dasto i m\u00edstn\u00ed nad\u0161ence, kte\u0159\u00ed se v\u00fdrazn\u00fdm zp\u016fsobem zapojili do odhodlan\u00e9ho, i kdy\u017e ne v\u017edy \u00fasp\u011b\u0161n\u00e9ho \u00fasil\u00ed o jejich z\u00e1chranu. V\u00fdpravn\u00e1 publikace je dopln\u011bna \u0159adou historick\u00fdch i sou\u010dasn\u00fdch fotografi\u00ed, historick\u00fdch stavebn\u00edch pl\u00e1n\u016f i reprodukcemi kl\u00ed\u010dov\u00fdch archivn\u00edch dokument\u016f.<\/p>\t\t\t\t\t\t\t\t<\/div>\n\t\t\t\t<\/div>\n\t\t\t\t<div class=\"elementor-element elementor-element-93a65bf elementor-widget elementor-widget-text-editor\" data-id=\"93a65bf\" data-element_type=\"widget\" data-e-type=\"widget\" data-widget_type=\"text-editor.default\">\n\t\t\t\t<div class=\"elementor-widget-container\">\n\t\t\t\t\t\t\t\t\t<p>Masaryk\u016fv \u00fastav a Archiv AV \u010cR \/ Artefactum, Praha 2024, ISBN:\u00a0978-80-88283-96-6<\/p>\t\t\t\t\t\t\t\t<\/div>\n\t\t\t\t<\/div>\n\t\t\t\t<\/div>\n\t\t\t\t\t<\/div>\n\t\t\t\t<\/div>\n\t\t\t\t<\/div>\n\t\t","protected":false},"excerpt":{"rendered":"<p>Publika\u010dn\u00ed v\u00fdstupy Edice korespondence, odborn\u00e9 studie, v\u00fdstavn\u00ed katalogy. Korespondence Zde\u0148ka Wirtha s \u010desk\u00fdmi (a slovensk\u00fdmi) architekty a architektkami. Du\u0161an Jurkovi\u010d \u2013 Kamil Hilbert \u2013 Pavel Jan\u00e1k \u2013 Ladislav Macho\u0148 \u2013 Augusta M\u00fcllerov\u00e1 Kristina Uhl\u00edkov\u00e1 (ed.) Prvn\u00ed ze t\u0159\u00ed edi\u010dn\u00edch po\u010din\u016f, kter\u00e9 zp\u0159\u00edstupn\u00ed alespo\u0148 \u010d\u00e1st jedine\u010dn\u011b zachovan\u00e9 p\u0159ijat\u00e9 korespondence historika um\u011bn\u00ed a kl\u00ed\u010dov\u00e9 osobnosti \u010desk\u00e9\/\u010deskoslovensk\u00e9 kulturn\u00ed [&hellip;]<\/p>\n","protected":false},"author":1,"featured_media":0,"parent":0,"menu_order":0,"comment_status":"closed","ping_status":"closed","template":"","meta":{"site-sidebar-layout":"no-sidebar","site-content-layout":"page-builder","ast-site-content-layout":"full-width-container","site-content-style":"default","site-sidebar-style":"default","ast-global-header-display":"","ast-banner-title-visibility":"","ast-main-header-display":"","ast-hfb-above-header-display":"","ast-hfb-below-header-display":"","ast-hfb-mobile-header-display":"","site-post-title":"disabled","ast-breadcrumbs-content":"","ast-featured-img":"disabled","footer-sml-layout":"","ast-disable-related-posts":"","theme-transparent-header-meta":"","adv-header-id-meta":"","stick-header-meta":"","header-above-stick-meta":"","header-main-stick-meta":"","header-below-stick-meta":"","astra-migrate-meta-layouts":"default","ast-page-background-enabled":"default","ast-page-background-meta":{"desktop":{"background-color":"","background-image":"","background-repeat":"repeat","background-position":"center center","background-size":"auto","background-attachment":"scroll","background-type":"","background-media":"","overlay-type":"","overlay-color":"","overlay-opacity":"","overlay-gradient":""},"tablet":{"background-color":"","background-image":"","background-repeat":"repeat","background-position":"center center","background-size":"auto","background-attachment":"scroll","background-type":"","background-media":"","overlay-type":"","overlay-color":"","overlay-opacity":"","overlay-gradient":""},"mobile":{"background-color":"","background-image":"","background-repeat":"repeat","background-position":"center center","background-size":"auto","background-attachment":"scroll","background-type":"","background-media":"","overlay-type":"","overlay-color":"","overlay-opacity":"","overlay-gradient":""}},"ast-content-background-meta":{"desktop":{"background-color":"var(--ast-global-color-5)","background-image":"","background-repeat":"repeat","background-position":"center center","background-size":"auto","background-attachment":"scroll","background-type":"","background-media":"","overlay-type":"","overlay-color":"","overlay-opacity":"","overlay-gradient":""},"tablet":{"background-color":"var(--ast-global-color-5)","background-image":"","background-repeat":"repeat","background-position":"center center","background-size":"auto","background-attachment":"scroll","background-type":"","background-media":"","overlay-type":"","overlay-color":"","overlay-opacity":"","overlay-gradient":""},"mobile":{"background-color":"var(--ast-global-color-5)","background-image":"","background-repeat":"repeat","background-position":"center center","background-size":"auto","background-attachment":"scroll","background-type":"","background-media":"","overlay-type":"","overlay-color":"","overlay-opacity":"","overlay-gradient":""}},"footnotes":""},"class_list":["post-991","page","type-page","status-publish","hentry"],"_links":{"self":[{"href":"https:\/\/www.pamatky.udu.cas.cz\/index.php?rest_route=\/wp\/v2\/pages\/991","targetHints":{"allow":["GET"]}}],"collection":[{"href":"https:\/\/www.pamatky.udu.cas.cz\/index.php?rest_route=\/wp\/v2\/pages"}],"about":[{"href":"https:\/\/www.pamatky.udu.cas.cz\/index.php?rest_route=\/wp\/v2\/types\/page"}],"author":[{"embeddable":true,"href":"https:\/\/www.pamatky.udu.cas.cz\/index.php?rest_route=\/wp\/v2\/users\/1"}],"replies":[{"embeddable":true,"href":"https:\/\/www.pamatky.udu.cas.cz\/index.php?rest_route=%2Fwp%2Fv2%2Fcomments&post=991"}],"version-history":[{"count":0,"href":"https:\/\/www.pamatky.udu.cas.cz\/index.php?rest_route=\/wp\/v2\/pages\/991\/revisions"}],"wp:attachment":[{"href":"https:\/\/www.pamatky.udu.cas.cz\/index.php?rest_route=%2Fwp%2Fv2%2Fmedia&parent=991"}],"curies":[{"name":"wp","href":"https:\/\/api.w.org\/{rel}","templated":true}]}}